*b + b**3 - c + 12 - 2. Let p(r) = -r - 14. Let i be p(-8). What is l(i)?
13
Let g(s) = s**3 + 4*s**2 + 1. Let x be 245/(-3) - 16/(-168)*-14. Let a = x + 79. Give g(a).
1
Suppose -b - 5*i - 2 = 0, 3*i - 14 + 4 = 5*b. Let y(o) be the third derivative of -o**4/24 - o**3/3 - 120*o**2 - 40. Determine y(b).
0
Let i(q) = q**2 - 2*q + 1. Let k(d) = 11*d**2 + 19*d - 2. Let r be k(-2). Suppose -r = -6*z + 5*z, 0 = -a - z + 5. What is i(a)?
0
Let b(f) = f**2 + 5*f + 2. Let g(r) be the second derivative of r**4/4 + 8*r**3/3 + 3*r**2/2 + 8*r. Let c be g(-5). Let p be c*(-25)/30*-3. Determine b(p).
2
Let y(k) = -2*k**2 + 2. Let q be 4*(2/(-6))/(24/378). Let a be (-120)/42 - -2*(-9)/q. Give y(a).
-6
Let u(m) be the second derivative of -2*m**3/3 - 5*m**2 - m - 404. Determine u(-11).
34
Let c = 386 - 387. Let r(o) = -2*o. Let s(l) = 2*l**2 - l - 2. Let v(n) = c*s(n) + 5*r(n). Determine v(-5).
-3
Suppose -n - 3*z - 12 + 8 = 0, 2*z + 26 = 4*n. Let x(w) = w - 3*w + 3 - n*w + 8*w. Determine x(-13).
-10
Let c(w) = -22*w + 0*w**2 + w**2 + 4 - w**3 + 25*w. Let r be (-60)/(-16)*(0 + -4). Let j = r - -18. Determine c(j).
-5
Let q = 44 + -42. Let v(o) = 4*o - 5 + 7 - 2 + 2 + q. Give v(-2).
-4
Let x be (-9)/(-27)*(2 + -2). Suppose 0 = 5*d + 2*g - 25, x = -4*d + 2*d - 5*g - 11. Let r(m) = -m + 16. Give r(d).
9
Let i(t) = t**2 - 13*t + 30. Let l be i(11). Let r(s) be the second derivative of s**4/12 - 4*s**3/3 - 3*s**2 - 20*s. Calculate r(l).
-6
Let m be 38/57*21/(-2). Suppose -2*t + 3*t - 3 = 0. Let l(b) = b**t + 8*b**2 - 17 + 17 + 7*b. Determine l(m).
0
Let u(v) be the second derivative of v**4/4 + v**3 + v. Let n(x) = x + 221430*x**2 + 7*x - 221423*x**2 + 5*x - 2*x. Let r(c) = -6*n(c) + 11*u(c). Give r(-1).
-9
Let i = 5 - 3. Let b(t) = 121 + 6*t - i*t - 119. Give b(-4).
-14
Suppose 0 = -2*q + 2*z + 67 - 197, -q - z = 65. Let g be q/(-65) - (-2 + 0 - -1). Let t(v) = v - 1. Calculate t(g).
1
Let s(o) = o**2 + 13*o - 137. Let c be s(-20). Let x(z) = 4 + 5 - 6 + c*z - 4*z. Suppose -4*j + 13 = 41. What is x(j)?
10
Let g(b) = b**2 + b - 15. Let d(c) = c**2 + c**3 - 14*c**2 + 7*c - 29*c - 2*c**3 + 28 + 38*c. Let f be d(-14). Determine g(f).
-15
Let o(z) = -22*z - 37. Let h(r) = -4*r - 6. Let n(v) = 6*h(v) - o(v). Suppose 4*c - 8 = -0. Give n(c).
-3
Let r(q) = -6*q + 75. Suppose 0 = 2*j + 115*h - 120*h + 8, 0 = 2*j + 2*h - 34. What is r(j)?
9
Suppose -2*g - 2 = 14. Let t = 4 + g. Let x(u) be the third derivative of u**6/120 + u**5/20 - u**4/8 - u**3/2 + 6740*u**2. Determine x(t).
-7
Let s(t) = -6*t**3 - 13*t**2 - 17*t - 15. Let y(m) = 5*m**3 + 12*m**2 + 14*m + 15. Let r(d) = 4*s(d) + 5*y(d). Determine r(-8).
-1
Let o(r) be the first derivative of -r**4/4 - 4*r**3/3 - 3*r**2/2 - 4*r + 255. Determine o(-4).
8
Let d(r) = -r + 1. Let p(c) = -c**2 + 11*c - 9. Let q(s) = 3*d(s) + p(s). Let y(k) = -k**3 + 5*k**2 + 8*k - 40. Let n be y(4). What is q(n)?
-6
Let d(s) = 14*s + 4. Suppose 0 = -5*b - i + 27, -5 = 3*b + 5*i - 8. Determine d(b).
88
Let r = 31 - 32. Let z be 328/6 + r/((-3)/(-2)). Let n be (-252)/z*((-5)/(-2) - 1). Let t(b) = -b**2 - 7*b + 4. What is t(n)?
4
Let u(x) = 7*x**2 + 9*x - 8. Suppose 4*y - 7*y + n + 14 = 0, 20 = -4*n. Let s(m) = 5*m**2 + 10*m - 9. Let g(j) = y*u(j) - 4*s(j). Calculate g(12).
0
Let t(k) = k**2 + 31*k + 26. Let i(g) = 5*g**2 + 137*g + 107. Let q(j) = -2*i(j) + 9*t(j). What is q(8)?
-4
Let c(d) = -2*d - 6*d - 2 + 7*d**2 + 0*d**3 + d**3. Let n(o) = 92*o - 55. Let j be n(7). Let h = 581 - j. Give c(h).
-2
Let w(x) = x**2 - 7*x - 6. Let k = 53 + -6. Suppose 0 = 2*o + 3*o + 200. Let v = o + k. Determine w(v).
-6
Let b(o) = o**3 - o**2 - o. Let p(h) = 4*h**3 + h**2 - 5*h + 3. Let c(m) = 2*b(m) - p(m). Let x = 2980 + -2983. What is c(x)?
15
Let s(i) = 331710 + i**3 - 4*i - i + 0*i - 331718. What is s(-3)?
-20
Let a(s) be the second derivative of s**3/6 + 3*s**2 - s. Let m(j) = -4*j + 80. Let q be m(15). Suppose 0 = -3*p - 2*c - 17, 3*c = 3*p + 7 + q. What is a(p)?
-1
Suppose 3*d - 2*c = 110, 40 = d - 0*d - 4*c. Let y = d - -1. Suppose 5*p + v + y = -6, -p - 5 = -v. Let f(h) = h**3 + 8*h**2 - h - 6. Calculate f(p).
2
Let r(w) = 2*w**3 - 186*w**2 + 7*w - 656. Let z be r(93). Let j(q) be the first derivative of 2*q**2 + 17*q + 2. Determine j(z).
-3
Let b(v) = 5*v**2 - 12*v + 5. Let m(l) = 4*l**2 - 11*l + 5. Let x(a) = 3*b(a) - 4*m(a). Suppose -94394*o + 94417*o - 35 = 149. What is x(o)?
-5
Let c be -3 + 17/5 - 299/(-65). Suppose -c*i + 12*i = -49. Let h(m) = m**2 + 2*m + 2. Calculate h(i).
37
Let x = 185 + -183. Let w(f) be the third derivative of -3*f**4/8 + f**3/6 + 113*f**2. Calculate w(x).
-17
Let u(n) be the second derivative of 9*n**5/20 - n**4/2 - 2*n**3/3 + n**2/2 - 6210*n. Calculate u(-1).
-10
Let u(q) = -14*q**3 - 17*q**2 - 17*q + 89. Let j(b) = 5*b**3 + 6*b**2 + 6*b - 30. Let m(f) = 17*j(f) + 6*u(f). Give m(0).
24
Let k(z) = z - 34. Let x(l) = -4*l - 102. Let a(w) = -2*k(w) + x(w). Calculate a(-8).
14
Suppose -18 = -2*a - a. Let x(h) = 247*h**2 - 5*h + 3. Let c(v) = -412*v**2 + 10*v - 6. Let s(f) = 6*c(f) + 10*x(f). Determine s(a).
-18
Suppose -7*f - 34 = -27*f - 234. Let t(n) = n**3 + 8*n**2 - 13*n + 58. What is t(f)?
-12
Let s be (6/(-4))/(0 + 21/(-4) + 6). Let g(n) = -12*n. What is g(s)?
24
Let t(s) be the second derivative of 1/2*s**4 + 5/2*s**2 + 0 - 21*s + 1/6*s**3 + 1/20*s**5. Let l(y) = y**2 + 5*y - 2. Let x be l(-4). Determine t(x).
-1
Suppose 7 + 10 = -4*z - 5*c, -4*z - c - 13 = 0. Let h be (2/z)/((-9)/(-135)). Let i be (-20)/8 + (-5)/h. Let d(y) = -y**3 - y**2 + 2*y - 1. What is d(i)?
-1
Let d(b) = -b - 13. Let x be (-2)/3*1887/(-34). Suppose n + 2*n = -z - 25, -5*n = 4*z + x. Calculate d(n).
-4
Let y(g) = 6*g - 28. Let x be y(6). Suppose -4*i + x = 24. Let l(v) = -3*v - 3. Determine l(i).
9
Suppose 3*z - 6*z = b - 1, -z + 3*b - 13 = 0. Let c(q) be the third derivative of q**4/12 + q**3/6 + q**2. Let x be c(z). Let j(o) = -5*o - 1. Calculate j(x).
4
Let q(h) = 14*h - 26. Let n be q(2). Let j(y) = 2*y + 12*y + 2*y - y**3 - 5 - 15*y + 4*y**n. Give j(4).
-1
Let r(m) = -10*m + 53. Let u be r(3). Let w(c) = 2*c - 1 - u + 13. Suppose -4*v - 4*h + 20 = 0, -2*v - 1 = 5*h - 2. Give w(v).
5
Let o(m) = 3*m**2 - 2*m - 7. Let l(s) = -3*s + 4*s**2 + 3 - 3 - 7 - 1. Let n(k) = 2*l(k) - 3*o(k). Give n(4).
-11
Let s(m) be the second derivative of -m**5/20 + m**4/3 + m**3/6 - 33008*m. Let c = -8 - -12. Determine s(c).
4
Suppose 5 = 2*k + 4*a - 7, -a = 5*k - 39. Let n be k + 3/3 + -3. Let c(v) = -112*v - 11. Let j(s) = -67*s - 7. Let b(t) = 3*c(t) - 5*j(t). Calculate b(n).
-4
Let l(t) = -t**2 + 3*t - 3. Suppose -2*u + r + 10 = -3*r, 0 = -5*u + 3*r + 25. Suppose -3*v + 0*g + 7 = g, 4*v + u*g - 2 = 0. Suppose 6 - v = z. What is l(z)?
-3
Let c(m) = 53037*m**3 - 34*m**2 + 23 - 53035*m**3 + 14 + 101*m. Calculate c(13).
-2
Let v(j) = -19*j + 5. Let i be 6*(16/(-3))/8. Let s(n) = -11*n + 3. Let t(y) = i*v(y) + 7*s(y). Let p = -7 - -2. What is t(p)?
6
Let a(v) be the second derivative of v**7/840 - v**5/120 - v**4/24 + v**3/6 - 17*v**2/2 + 31*v. Let s(q) be the second derivative of a(q). Calculate s(-2).
-7
Let f(j) = 1 - 727*j**3 - 597*j**3 + 4*j**2 - j + 1323*j**3. Calculate f(6).
-77
Let y(v) = 479*v - 464. Let c be y(1). Let u(z) = z**3 - 14*z**2 - 21*z + 93. Calculate u(c).
3
Suppose 5*a = -3*t + 1409 + 383, 2*a - 2*t = 720. Let o = a + -364. Let g(l) be the second derivative of l**4/12 + 2*l**3/3 - l**2 + l. What is g(o)?
3
Let s(f) = f**2 - 15*f - 14. Suppose 38172*r - 38154*r - 180 = 0. Give s(r).
-64
Let n(z) be the second derivative of 5*z**3/6 - z**2 - 1117*z. Give n(-4).
-22
Let k(x) = -2*x**2 - 14*x - 5. Let s be k(-7). Let g(t) = -24*t - 111. Let z be g(s). Let j(u) = -2*u + 18. Calculate j(z).
0
Let p(w) = -60*w - 288. Let l = -23970 - -23965. Determine p(l).
12
Let l(p) = 3*p**3 - 2*p**2 + 2*p - 1. Suppose -4*u + 2*u + 2*w = 0, -2*u - 10 = -4*w. Suppose -9 = -2*j - u. Determine l(j).
19
Let g(s) = 2*s**3 + 10*s**2 - 14*s - 1. Let b be g(-6). Let n(w) = b - w - w + 0*w + w. Give n(-8).
19
Suppose 4 = p + w, 0 = 2*p + 114*w - 118*w - 8. Let q(a) = -6*a + 28. What is q(p)?
4
Let j(h) = 6*h**2 - 4. Let a(f) = 7*f**2 - 5. Let g(x) = -19*a(x) + 22*j(x). Suppose 6 = 2*t + t + 3*z, -3*z - 29 = -4*t. What is g(t)?
-18
Let p(g) = 5*g + 52. Let a be p(-8)